 n(t) = -t**3 - 9*t**2 - 35*t + 45. Calculate n(-4).
105
Let j(b) = 6*b**2 + 107*b - 271. Determine j(-20).
-11
Let p(x) = -604*x - 1197. Give p(-2).
11
Let n(j) = j**3 + 37*j**2 - 72*j + 218. Determine n(-39).
-16
Let w(l) = 14*l - 281. Calculate w(28).
111
Let k(r) = -2*r - 41. What is k(13)?
-67
Let x(h) = 3*h**3 + h**2 - 7*h + 5. Give x(2).
19
Let c(h) = 16*h**2 - 19*h - 183. Determine c(4).
-3
Let n(b) = 18*b + 15. Determine n(11).
213
Let o(n) = -n**2 + 24*n + 260. Give o(-8).
4
Let k(z) = 20*z + 143. What is k(1)?
163
Let w(q) = -q**3 + 4*q**2 + 31*q - 131. Calculate w(5).
-1
Let q(f) = -384*f + 24. What is q(2)?
-744
Let f(u) = u**3 + 82*u**2 + 91*u + 812. Determine f(-81).
2
Let x(h) = -h**3 + 39*h**2 - 110*h + 88. Determine x(36).
16
Let z(h) = -2*h**3 + 4*h**2 + 20*h - 55. Give z(4).
-39
Let c(w) = 2*w**3 + 65*w**2 - 181*w - 196. Determine c(-35).
14
Let a(f) = 74*f - 430. What is a(6)?
14
Let n(i) = 3*i**3 + 6*i**2 + 21*i + 47. What is n(-4)?
-133
Let j(y) = y**2 - 4*y - 260. Calculate j(0).
-260
Let k(p) = -3*p**2 + 39*p - 23. Calculate k(14).
-65
Let g(v) = 876*v + 84102. Calculate g(-96).
6
Let g(f) = 2*f**2 + 183*f + 1252. Give g(-84).
-8
Let b(f) = 89*f**2 + 278*f + 7. What is b(-3)?
-26
Let c(h) = -10*h + 186. Determine c(24).
-54
Let j(l) = -l**3 - 4*l**2 - 5*l + 6. Determine j(-3).
12
Let t(z) = -26*z**2 - 159*z + 668. Calculate t(-9).
-7
Let c(r) = -2*r**3 - 80*r - 304. What is c(-3)?
-10
Let v(h) = 293*h**2 + 7*h - 10. Determine v(0).
-10
Let i(y) = -y**3 - 64*y**2 - y - 176. What is i(-64)?
-112
Let p(g) = -58*g - 5249. Calculate p(-91).
29
Let m(w) = w**3 - 14*w**2 + 30*w - 174. What is m(14)?
246
Let v(o) = -9*o + 299. Give v(32).
11
Let j(w) = 18*w + 135. Determine j(-11).
-63
Let v(r) = -129*r + 832. Give v(6).
58
Let l(d) = 2*d**3 - 17*d**2 - d + 1. Determine l(6).
-185
Let p(c) = 2*c**3 + 12*c**2 + 5*c + 9. Calculate p(-6).
-21
Let s(v) = v**2 - 43*v + 161. Give s(4).
5
Let z(t) = -71*t + 1210. What is z(10)?
500
Let k(r) = 12*r - 49. Give k(-6).
-121
Let b(k) = 2*k**2 + 588*k + 8393. Determine b(-15).
23
Let s(f) = 32*f**2 - 38*f - 19. What is s(0)?
-19
Let b(o) = 53*o - 3366. Give b(63).
-27
Let b(f) = -4*f**2 + 29*f - 188. Give b(5).
-143
Let c(d) = -5*d**3 - 5*d**2 - 5*d - 1. Calculate c(-2).
29
Let m(c) = 19*c**2 - 198*c + 419. Determine m(3).
-4
Let m(j) = -j**2 + 74*j + 6199. What is m(124)?
-1
Let t(r) = -447*r + 2686. What is t(6)?
4
Let y(n) = n**3 - 5*n**2 - n + 106. What is y(0)?
106
Let t(b) = 2*b**3 - 35*b**2 + 78*b + 279. Give t(14).
-1
Let l(s) = -7*s**3 - 21*s**2 + 78*s - 16. Give l(4).
-488
Let z(i) = 6*i + 153. Give z(-13).
75
Let o(n) = n**3 - 15*n**2 + 7*n + 57. What is o(9)?
-366
Let b(l) = -2*l**2 + 158*l - 599. Calculate b(4).
1
Let y(a) = -2*a**3 - 7*a**2 + 18*a - 4. What is y(2)?
-12
Let y(p) = -3*p**2 + 19*p + 18. Give y(-1).
-4
Let l(p) = p**3 + 16*p**2 - 136*p - 70. Give l(-22).
18
Let y(l) = 1825*l + 20111. Give y(-11).
36
Let g(q) = q**2 - 11*q + 55. Calculate g(10).
45
Let c(j) = -20300*j + 40603. What is c(2)?
3
Let x(p) = -44*p**2 + 3*p + 1. Determine x(-3).
-404
Let l(p) = -21*p**2 + 5*p + 1380. Give l(-8).
-4
Let p(w) = 357*w + 769. What is p(-2)?
55
Let z(t) = -80*t**2 - 25*t + 26. Give z(1).
-79
Let j(u) = 1434*u - 20069. Determine j(14).
7
Let a(r) = r**3 + 3*r**2 + 11*r - 29. Calculate a(-7).
-302
Let a(m) = m**3 - 15*m**2 + 13*m - 86. Determine a(14).
-100
Let q(g) = 2*g**3 - 19*g**2 + 14*g - 18. Calculate q(9).
27
Let v(a) = -a**3 - 36*a**2 - 129*a - 28. What is v(-32)?
4
Let u(s) = s**3 - 25*s**2 - 47*s + 190. What is u(27)?
379
Let f(r) = -195*r + 6. Give f(-1).
201
Let b(y) = 99*y**3 - 2*y**2 + 2. Determine b(-1).
-99
Let m(o) = 7*o**2 + 113*o + 51. Determine m(-16).
35
Let s(h) = -108*h - 993. Calculate s(-9).
-21
Let o(h) = h**2 + 4467*h - 26870. Calculate o(6).
-32
Let b(z) = 943*z + 13206. Calculate b(-14).
4
Let z(p) = -3*p**2 + 66*p - 202. Determine z(3).
-31
Let v(p) = p**3 - 65*p**2 + 140*p - 883. Determine v(63).
-1
Let m(j) = j**3 + 21*j**2 + 4*j + 13. What is m(-21)?
-71
Let p(i) = -i**3 - 15*i**2 + 637*i + 9107. What is p(-14)?
-7
Let g(w) = w**2 + 25*w + 89. Calculate g(-21).
5
Let u(s) = s**3 + 59*s**2 + 11*s + 671. Determine u(-59).
22
Let w(g) = 324*g + 78. Give w(0).
78
Let t(c) = 145*c - 860. Calculate t(6).
10
Let h(k) = -k**3 - 6*k**2 + 22*k + 58. Calculate h(-2).
-2
Let b(s) = -19*s - 54. Determine b(-2).
-16
Let c(z) = -44*z + 674. Give c(4).
498
Let n(z) = -3880*z - 7788. Calculate n(-2).
-28
Let v(n) = 87*n - 1995. Determine v(23).
6
Let i(o) = -2*o**2 - 41*o + 188. Calculate i(-22).
122
Let v(t) = -t**2 - 1162*t + 27252. Determine v(23).
-3
Let o(a) = -a**3 - 233*a**2 + 54*a + 12580. Calculate o(-233).
-2
Let j(r) = 5*r**2 + 6*r - 51. Give j(0).
-51
Let r(h) = -171*h - 5466. Calculate r(-32).
6
Let b(x) = x**3 + 4*x**2 + 61*x + 320. Determine b(-5).
-10
Let x(h) = 2*h**2 + 13*h - 34. Determine x(3).
23
Let p(f) = -f**3 - 13*f**2 + 10*f - 21. Give p(-13).
-151
Let m(y) = -y**3 - 30*y**2 - 58*y + 15. Give m(-28).
71
Let v(j) = -j**3 + 2*j**2 + 21*j - 44. Give v(5).
-14
Let k(m) = 354*m + 25499. Determine k(-72).
11
Let l(i) = -72*i - 348. Give l(-4).
-60
Let u(i) = i**3 + 17*i**2 + 25*i - 84. Give u(-16).
-228
Let b(n) = 2*n**3 + 5*n**2 + 145*n + 429. Calculate b(-3).
-15
Let p(s) = -100*s + 391. Determine p(5).
-109
Let c(d) = -6*d - 35. Determine c(-8).
13
Let y(f) = f**2 - 118*f + 3319. What is y(48)?
-41
Let b(l) = -l**2 - 54*l + 1110. Calculate b(16).
-10
Let c(z) = 2507*z + 20068. Determine c(-8).
12
Let p(j) = -1523*j - 13684. Calculate p(-9).
23
Let v(l) = -l**3 - 27*l**2 - 169*l + 12. Determine v(-17).
-5
Let x(z) = z**3 + 10*z**2 - 33*z - 12. Calculate x(3).
6
Let c(b) = 354*b + 20. Determine c(1).
374
Let b(m) = 5*m**2 - 546*m + 672. What is b(108)?
24
Let c(r) = -55*r + 507. Determine c(10).
-43
Let h(c) = 87*c - 73. Determine h(1).
14
Let t(q) = 147*q - 1608. Give t(9).
-285
Let i(c) = -200*c - 1001. Calculate i(-5).
-1
Let s(n) = -3*n**3 - 184*n**2 + 129*n + 312. Determine s(-62).
2
Let n(a) = a**3 - 17*a**2 + 17*a + 457. What is n(13)?
2
Let b(n) = -25*n - 649. Give b(-27).
26
Let p(s) = -1339*s - 8028. What is p(-6)?
6
Let y(k) = 74*k + 8. What is y(4)?
304
Let y(b) = -16*b**2 - 87*b + 88. What is y(1)?
-15
Let y(m) = -10*m**2 + 75*m + 15. Calculate y(7).
50
Let b(x) = 2*x**2 + 91*x - 3173. What is b(23)?
-22
Let u(h) = -508*h**2 + 509*h - 1. Determine u(1).
0
Let d(a) = a**2 - 8*a - 64. Determine d(0).
-64
Let q(z) = -z**2 + 46*z + 29. Calculate q(48).
-67
Let y(n) = 8*n**2 - 222*n - 373. Calculate y(29).
-83
Let l(c) = 41*c + 1324. Determine l(-31).
53
Let m(q) = q**2 + 33*q + 269. Calculate m(-15).
-1
Let z(x) = -x**2 - 46*x - 509. Give z(-18).
-5
Let r(p) = -p**2 - 2*p + 2. Calculate r(-1).
3
Let x(n) = 10*n + 62. What is x(10)?
162
Let b(z) = -2*z - 358. Give b(-45).
-268
Let r(i) = 10*i**2 + 1135*i + 623. What is r(-113)?
58
Let l(h) = -4*h**2 + 317*h - 6267. Calculate l(38).
3
Let l(h) = -h**3 + 36*h + 98. What is l(-4)?
18
Let b(z) = 511*z - 5610. What is b(11)?
11
Let y(t) = -t**3 - 112*t**2 - 225*t - 566. What is y(-110)?
-16
Let x(b) = -32*b**2 + 8*b - 4. What is x(1)?
-28
Let n(s) = 2*s**2 + 14*s + 164. Determine n(-7).
164
Let p(v) = v**3 + 5*v**2 + 28*v + 18. Calculate p(-8).
-398
Let o(b) = -71*b - 533. Determine o(-7).
-36
Let w(l) = 2*l**2 + 7*l + 67. Determine w(-4).
71
Let p(n) = 3*n**3 + 36*n**2 + 9*n - 9. Determine p(-12).
-117
Let y(j) = 28*j**2 - 352*j - 38. Calculate y(13).
118
Let t(r) = 4*r**2 + 115*r + 4. Give t(0).
4
Let o(h) = h**3 + 55*h**2 + 245*h - 234. Give o(-50).
16
Let a(x) = 6*x**2 - 15*x + 13. Determine a(4).
49
Let a(b) = 5*b + 149. What is a(-34)?
-21
Let y(m) = -m**2 + 1096*m - 14095. Calculate y(13).
-16
Let b(o) = -52*o - 364. Calculate b(-6).
-52
Let x(k) = 2*k**2 - 13*k - 158. Determine x(-5).
-43
Let u(v) = -2*v**2 + 8*v - 28. Give u(3).
-22
Let f(o) = -239*o**2 - 13*o - 10. What is f(-1)?
-236
Let y(s) = -s**3 + 19*s**2 - 2*s - 29. Give y(19).
-67
Let i(j) = -2342*j + 12. Determine i(0).
12
Let t(h) = h**3 - 222*h**2 - 1145*h + 2274. Give t(227).
4
Let s(h) = 98*h - 779. Give s(8).
5
Let w(o) = o**3 - 3*o**2 - 39*o. What is w(8)?
8
Let p(z) = 3*z**2 - 53*z + 50. Give p(1).
0
Let h(